ivided by w.
2
Suppose -42 = -3*k - 0. Suppose -5*h = -3*h - 52. Calculate the remainder when h is divided by k.
12
Suppose l + 65 = 3*c, -5*l + l - 53 = -3*c. Calculate the remainder when c is divided by 12.
11
Let i = 16 + 30. Let j be 2*(-1)/(4/6). Let n = 15 + j. What is the remainder when i is divided by n?
10
Suppose 2*o = -m + 3*o + 9, m + 4*o - 9 = 0. What is the remainder when m is divided by 3?
0
Let a = 25 + -14. What is the remainder when 21 is divided by a?
10
Suppose 2*g = g + 28. Let y be (120/2)/3 + 0. Suppose 2*q = -0*q + y. Calculate the remainder when g is divided by q.
8
Let c be 5*1 + 0/2. Suppose -q + 0 - 3 = 4*j, -c*j - 7 = -2*q. Calculate the remainder when 26 is divided by (q - (-2)/1)*3.
8
Let h(w) = 2*w**3 - 2*w**2 - 2. Let p be (-1)/(2/(-6)) - 1. What is the remainder when ((-17)/3)/(25/(-75)) is divided by h(p)?
5
Suppose -2*i - 5*n - 15 = -4, 3*i - n = 9. What is the remainder when 3 is divided by i?
1
Suppose -2*w + 36 = 2*w. What is the remainder when 24 is divided by w?
6
Suppose 26 - 71 = -9*w. Calculate the remainder when (-184)/(-10) + (-2)/5 is divided by w.
3
Let s(q) = q**2 + 2*q + 2. Let h = -13 - -6. What is the remainder when s(h) is divided by 10?
7
Let q = 45 - 36. What is the remainder when 23 is divided by q?
5
Calculate the remainder when 9 is divided by (-27)/(-18)*(-20)/(-6).
4
Calculate the remainder when 8 is divided by (-2)/(-7) - (-33)/7.
3
Suppose 0*z = -3*z - 69. Let r = -16 - z. Calculate the remainder when 19 is divided by r.
5
Suppose -3*u + 0*u = 96. Let m be (3/(-2))/(6/u). Calculate the remainder when 17 is divided by m/(-6)*18/(-4).
5
Let r = -6 + 8. Suppose -65 = -4*x - 3*t, 3*x - 5 = 2*x + 3*t. Calculate the remainder when x is divided by ((-20)/8)/((-1)/r).
4
Let d(b) = b + 1. Let c = 2 - -3. Let j = 9 - c. What is the remainder when 9 is divided by d(j)?
4
Let l(u) = -u. Let m(q) = 2*q + 3 - q**2 - 4 + 0 - 3*q. Let h(b) = l(b) - m(b). What is the remainder when 18 is divided by h(-3)?
8
Let r(m) = -4 - 1 + 3 - 2*m. Suppose 0 = -4*t - 17 - 15. Calculate the remainder when r(t) is divided by 4.
2
Let f = -8 + 11. Let o = f - -20. What is the remainder when o is divided by 6?
5
Let u = 75 + -47. Calculate the remainder when (-379)/(-4) - (-7)/u is divided by 16.
15
Suppose 4*w - 38 = -2*b + 72, 3*w = 4*b - 220. Let o = -366 + 385. Calculate the remainder when b is divided by o.
17
Let w(f) = 23*f**3 + f. Let m(d) = -d - 2. Let c be m(-6). Let r be 2*2/c*1. Calculate the remainder when w(r) is divided by 13.
11
Suppose -3*p + 4 = 2*m - 11, 4*m + 19 = p. Calculate the remainder when p is divided by 3.
1
Let g(l) = l**2 - 3*l + 4. Let k be g(0). Suppose -2*r - 4*h = 0, k*r + 2*h - 7*h = 65. Calculate the remainder when 25 is divided by r.
5
Let a be (3/(-4))/(3/12). Let w = a - -10. Suppose 3*i - 34 + w = 0. What is the remainder when i is divided by 3?
0
What is the remainder when (44/8)/(1/14) is divided by 26?
25
Let i be 0 - (-5 + -2 + 1). Suppose i*x = 3*x + 78. Let n(b) = 3*b - 4. What is the remainder when x is divided by n(6)?
12
Let j(y) = y**3 - 6*y**2 + y - 6. Let b be j(6). Let z = b - 0. Suppose 8*q - 4*q - 248 = z. Calculate the remainder when q is divided by 21.
20
Suppose -5*y + 1 = -19. Calculate the remainder when y is divided by 1.
0
Let p be 21/4 + (-6)/(-8). Suppose 0 = -4*c + p*c - 6, 27 = 3*t - 4*c. Calculate the remainder when 50 is divided by t.
11
Let u(c) = c**2. Let j = -6 - 10. Calculate the remainder when ((-28)/j)/((-2)/(-8)) is divided by u(2).
3
Suppose -4 = 5*f - 9. Let m = f + 2. Suppose -4*h + 16 = 5*n, -3*n + 3*h = -0*n - 15. Calculate the remainder when n is divided by m.
1
Suppose -14*v = -9*v - 25. Suppose -h - 2*r + 72 = 0, v*r + 8 = r. Calculate the remainder when h is divided by 26.
24
Suppose 0*q - 25 = -q. Calculate the remainder when 98 is divided by q.
23
Let d(f) be the first derivative of 53*f**2/2 + 2*f - 4. What is the remainder when d(1) is divided by 14?
13
Let q(g) = g**3 + 9*g**2 + 7*g - 4. Let k(b) = 2*b - 2. Let h be k(8). Let d = h + -7. What is the remainder when d is divided by q(-8)?
3
Suppose 2*h - 266 = -2*j - 102, -2*h + 139 = -3*j. What is the remainder when h is divided by 28?
21
Suppose -4*f = -0*y + 2*y - 22, 130 = 5*y - 5*f. Calculate the remainder when 60 is divided by y.
18
Let l(q) = -q**3 + 7*q**2 + 10*q + 9. What is the remainder when 46 is divided by l(8)?
21
Suppose -90 - 2 = -4*n. Calculate the remainder when 65 is divided by n.
19
Let i = 0 + 3. Let j(u) = -u + 1. Calculate the remainder when i/9 - 23/(-3) is divided by j(-4).
3
Suppose 3*i = -5*f + 3, -5*i + 2*f + 42 = -2*f. Calculate the remainder when i is divided by 3.
0
Let f(b) = -b**3 + 10*b**2 - b - 6. Calculate the remainder when f(9) is divided by 17.
15
Suppose -5*b - 179 = -m, -5*b + 155 + 218 = 2*m. Calculate the remainder when m is divided by 17.
14
Let c = 77 - 58. Calculate the remainder when 169 is divided by c.
17
Suppose 0 = -t - 2*t + 576. Suppose -4*j = -3*z - t, j + 2*z = 4*z + 53. Let q = j - 31. What is the remainder when 26 is divided by q?
12
What is the remainder when (0 + 0 + -19)*(-4)/4 is divided by 11?
8
Suppose 5 = 5*a + 5*f, -f + 18 = 4*a + 2. Calculate the remainder when 8 is divided by a.
3
Let n(m) = -m**2 - 7*m - 1. Let r(y) = -y + 6. Let h(i) = -i + 5. Let u(z) = 6*h(z) - 5*r(z). What is the remainder when u(-12) is divided by n(-6)?
2
Let b = 7 - 2. Suppose 0 = -2*g - 3*g + 5*i, -i = -b*g + 16. Let l(t) = -2*t + 7. What is the remainder when l(0) is divided by g?
3
Suppose 8 = -5*w + w. Let j = w - -4. What is the remainder when 5 is divided by j?
1
Let c be 0 + (1 - 8) - 3. Let d = 1 - c. Calculate the remainder when 41 is divided by d.
8
Let m be -5*(264/(-5))/4. Suppose -11 = l - m. What is the remainder when l is divided by 19?
17
Suppose 0 = n - 5*l + 21, 3*l - 4 = -4*n + l. Suppose 14 = 3*q - 2*m, -5*q + 3*m + 23 = -0*m. What is the remainder when -2 + (1 - -10 - n) is divided by q?
2
Suppose -3*p = -p. Suppose p = -g + 5 + 1. What is the remainder when (-1)/(3/g) + 18 is divided by 6?
4
Suppose 2*h = 4 - 0, 0 = -3*p + h + 4. Suppose 2*i - 12 = -p*n, 16 = -2*n - 5*i + 40. What is the remainder when 8 is divided by 0 - n - 7*-1?
3
Let n = 15 + -11. Suppose c = n*c - 9. Let k = c + 1. Calculate the remainder when 6 is divided by k.
2
Suppose 0*x = -2*x + 418. Suppose 0 = 3*n - 58 - x. What is the remainder when n is divided by 23?
20
Let i(x) = 10*x**3 + x. Let l be i(1). Suppose 23 = 3*g + 4*t, -t - t - l = -3*g. Let b = 24 - 10. What is the remainder when b is divided by g?
4
Let c(h) = -4*h - 3. Let u(l) = -3*l - 3. Let b(m) = -2*c(m) + 3*u(m). What is the remainder when 6 is divided by b(-7)?
2
Let u be (2 + 5*-3)*-1. Let n = u + -9. Let g = -9 - -20. Calculate the remainder when g is divided by n.
3
Let q(d) = -22*d - 16. Let k(l) = 15*l + 11. Let x(j) = 7*k(j) + 5*q(j). Calculate the remainder when 47 is divided by x(-3).
11
Suppose 24 = -0*r + 2*r. What is the remainder when 35 is divided by r?
11
Let x(z) = -8*z - 1. Let i be x(-5). Suppose 0 = -2*n + 5*n - 3*u + i, -5*u = -n - 21. Let a = n - -25. What is the remainder when a is divided by 5?
4
Let i be (-3)/2 - 9/18. Calculate the remainder when 2/11 - 2324/(-44) is divided by ((-4)/i)/((-1)/(-9)).
17
Suppose -m + 3*z - 141 = 4*m, 0 = 4*m + 3*z + 129. What is the remainder when (m/(-25))/((-1)/(-5)) is divided by 4?
2
Suppose -3*u + 71 = 11. Calculate the remainder when u is divided by 11.
9
Let d(p) = p - 1. Let r be d(-3). Calculate the remainder when (5/(-3))/(r/60) is divided by 7.
4
Let p(l) = l**2 + 6*l + 6. Let k(m) = m**2 - 10*m. Let h be k(8). Let v be (-2)/3 - h/(-3). What is the remainder when 17 is divided by p(v)?
5
Suppose -2*k = 5 - 27. Let z be 0/(1 + -1 + -2). Let q = 32 - z. What is the remainder when q is divided by k?
10
Suppose z + 6 = -4*j + 3*z, 3*z = 9. Suppose -6*w + 8 = -t - w, -5*t + 4*w + 44 = j. Calculate the remainder when 22 is divided by t.
10
Suppose 0*x + 2*x - l - 6 = 0, -x - l = 0. Suppose 4*b + 2*v + 2*v - 28 = 0, -x*b = 4*v - 8. What is the remainder when b is divided by 4?
2
Let o = 27 - 4. What is the remainder when o is divided by 6?
5
Let c(k) = 3*k - 7. Let t be c(7). Let y(h) = h**3 - 6*h**2 + h + 7. Calcula